72 + -69 + (-27 - -67)).
44
What is the value of -44 + (9 + (6 - 12 - 1) - -12)?
-30
Calculate 26 + 10 + (21 - (-21 + 16)).
62
Evaluate 11 + (4 - -4) - (47 - 22).
-6
Calculate -80 + 394 + -313 - (0 - 0 - (27 - 3)).
25
What is (32 - (4 - (1 + 3))) + -426 + 436?
42
What is (-3 + 42 - 10 - (-1 - -18)) + (0 - 68)?
-56
(211 - 278) + -1 + 22 + (-3 - -15)
-34
Calculate -87 + -1 - ((50 + -30 - 31) + 16 + 2).
-95
17 + -6 - 4 - (20 + -30 + -35)
52
(-15 - -41) + (8 + -10 - 14)
10
407 - 416 - (53 - 2)
-60
Calculate -42 + (17 - 1) + -45 + (-22 - -46).
-47
Calculate (-313 + 295 - (-25 + 0)) + 11 + 0 + 5.
23
(-8 + 45 - -36) + -41
32
What is -21 - (-25 + (-2 - 18) + 14)?
10
Evaluate -31 + (54 - -20) + -24.
19
Evaluate -24 + 61 + -68 + -13.
-44
What is 58 + (-59 - 2) - -34?
31
Evaluate 11 + (-3 - -1) - 0 - (-1191 - -1201) - -42.
41
What is the value of (2 - (0 - (3 + -6))) + (-88 - -101) - -8?
20
-1 + 3 + (-15 - (-9 - -3)) + 11
4
What is the value of 19 + -51 + 50 + -40?
-22
What is the value of (30 + -13 + 5 - 2) + 67?
87
-84 + (45 - (-47 + 12))
-4
Calculate 4 - (-9 + 9 + 55) - -9.
-42
Calculate (33 - 90) + (17 - 4).
-44
What is (-35 + 59 - 101) + -18 - -11?
-84
112 + -32 + 1 + 1419 + -1390
110
(-18 - 46) + -16 + -6 + 61
-25
Evaluate (-4 - (3 - 13)) + -1 + 1 + -1 + -40.
-35
(166 - 183) + -9 + -22 + 1 + 3
-44
-13 - (21 + -34 - 10) - -31
41
52 + 557 + -561 + (17 - -1)
66
What is 135 - (121 + -27) - (-3 - 26)?
70
Evaluate 18 + (61 + -99 - -2).
-18
What is 0 - 2 - (3421 - 3473)?
50
Evaluate -5 + (10 - 42 - -15) + -8.
-30
Evaluate 6 + -3 + (15 + 28 - 60).
-14
Evaluate -40 - 8 - (-32 - 11).
-5
What is the value of -1 + (37 - -1) + (-57 - 58 - -112)?
34
Evaluate 87 + -2 + 4 + -338 + 310.
61
Calculate 24 - (0 + 2) - (1805 + -1819).
36
-5 - (-5 + 11) - (-11 - (-7 + 5))
-2
Evaluate -29 + 21 + (4 - (4 + -7)) + 76 + -170.
-95
What is (5 - -45) + (-33 - -11 - (-19 - 1))?
48
Calculate 14 + (-15 - (-10 + -41)).
50
What is 57 - ((-11 - -2) + (34 + -21 - 7))?
60
Calculate 14 + -1 + -16 - (3 + -38).
32
16 + -1 + 0 - (48 + -27)
-6
Calculate -20 - (6 + (20 + -44 - -1)).
-3
What is the value of 381 + -350 - (-6 + -6 - -154)?
-111
Evaluate 64 - 97 - (-3 - (-5 - -4)).
-31
What is the value of -10 + 33 + -25 + 19 - 31?
-14
Evaluate -76 + (-13 + (-22 - -25) + -12 - -11).
-87
-63 + (49 - 13) + 124
97
-22 - ((-381 - -317) + 1 + -13)
54
Evaluate (-199 - -36 - -43) + -13 - -33.
-100
Calculate 57 + (3 - 3) + (-17 - -77 - 53) + 4.
68
Evaluate 13 - 8 - 21 - (-23 - -17).
-10
-123 - (26 - (176 - 87))
-60
What is the value of -5 - 15 - (46 + -80 - -128)?
-114
What is (-22 + 29 - 2) + -2 - -25?
28
What is the value of 43 + (-39 + 50 - 15)?
39
What is the value of 26 + (-65 - (33 + -5 - 13))?
-54
(7 - 1) + (13 - 0) + (183 - 187)
15
Evaluate (-2 - -2) + 1 + 2 - (-56 + 97 + -16).
-22
Calculate (-38 - -22) + 2 + 3 - 36.
-47
30 - 41 - ((0 - -8) + 17)
-36
10 + (-103 - -48) + 9 + -1
-37
What is 2 + (11 - -21) - 59?
-25
Calculate -12 + (9 + -18 - -9) + (11 - -1).
0
Calculate -3 - (-1 + (-6 - 4 - (20 + (3 - 33)))).
-2
1 + 7 + 9 + (25 - 34) + (1 - -69)
78
Evaluate (33 - (35 + -14)) + -44 + -36.
-68
What is the value of 31 + (4 - (-32 + 49)) - (-3 - 39)?
60
What is the value of (-268 - (-91 - 45)) + 130?
-2
What is the value of (0 - (-80 + -8)) + (-4 - ((0 - 1) + -4))?
89
14 + -2 - (3 + 133 + 57 + -12 + -38)
-131
(-2 - -2 - (11 - -1)) + 17 + (-106 - -34)
-67
What is the value of 6 + -4 + 1 + (0 - 55) + 136?
84
23 + (-75 - 15 - -138)
71
(-15 - -28) + (-25 - -11 - -8 - -60)
67
What is (-1 - -5) + 1 + 22 + (-14 - (40 - 1))?
-26
Evaluate -52 + -248 + 201 + 12 + 0.
-87
What is the value of -22 + 50 + 14 - (3 + -8 - 8 - -28)?
27
What is -75 - (34 + -60 - 113)?
64
Evaluate -24 - ((3 - (-10 - 14)) + -49).
-2
Evaluate 15 + (-82 - -76) + -25.
-16
Evaluate -179 + 201 + (0 - 23) + 16.
15
What is the value of -128 + 19 + -41 + 39 - (2 - 11 - 0)?
-102
What is -55 - ((6 - 4) + (-4 + 12 - 14))?
-51
Calculate -1 + 69 + 0 + (35 - (5 - -29)).
69
Calculate -9 + -45 + 1 + 40 + -38 + -14.
-65
What is the value of -3 + 11 + -10 - (12 + -17 + 17) - -78?
64
Calculate (1 - 1) + 13 - (-391 - -371).
33
Evaluate -2 + -1 + -21 + (59 - 62) + (-10 - -4).
-33
Calculate 4099 + -4100 + (70 - -1).
70
What is 40 + -2 + -21 + (-3 - (-30 - -9))?
35
What is the value of (-108 - -44) + 39 + -94?
-119
What is -5 + (-24 + 36 + (0 - 21) - -12)?
-2
What is (-26 + 2 - (-211 + 212)) + 19?
-6
What is the value of (-25 - 7) + 29 + -26 + 2?
-27
5 - (-37 + 91 + -96)
47
-18 + -14 + (21 - (-22 - -34)) + -5 + 1
-27
20 + -24 + 0 + 22 + 1
19
15 + -26 - (-6 + (31 - -1))
-37
What is the value of 29 + -26 + 7 - (-5 + -1 + -38)?
54
Evaluate -2 + -38 + (-18 + 126 - 1).
67
What is the value of -40 + (-35 - -42 - 4)?
-37
Evaluate -9 + 23 + 31 + -47 + -7 + 2 + -14.
-21
What is the value of (15 - 42 - 15) + 82?
40
Evaluate -45 + (-52 - -95 - -5).
3
What is the value of -1 + 21 + (-39 - 72) + (3 - 4 - -10)?
-82
Evaluate (1 - 0 - -99) + (-68 - (5 - (17 + 54))).
98
Evaluate (-2 + -6 - (54 + -74)) + -3 + 9 + -2.
16
What is (46 - 26) + -7 + 14 + -104?
-77
What is the value of (-4 - (0 - -5 - 5)) + (-82 - (-13 + 5))?
-78
Evaluate -1895 + 1853 + (-3 - -86).
41
Evaluate -89 + 35 - (80 - 83 - (-11 + 1)).
-61
-6934 + 6863 + (-16 - -3 - (1 - -1))
-86
Evaluate -70 + 15 - 12 - -53.
-14
What is -7 + (-11 - (2 + 25 + 1 - (-412 + 413)))?
-45
What is the value of -26 + (-93 + 116 - (8 + -13))?
2
What is (-86 - -5) + (-17 - -1) + (-4 - -30)?
-71
Calculate 6 - (6 + 10) - (14 - 23).
-1
Evaluate -1 + 2 + 17 + (550 - 564).
4
Calculate -12 - 4 - -60 - (-10 + 28).
26
What is -257 - -232 - (-23 + -99)?
97
What is the value of -9623 + 9660 + (0 - (0 + 11))?
26
Evaluate (8 - 0 - (-31 + 28) - 20 - 58) + 7.
-60
What is the value of -14 + (14 - 1) + 9 + -21?
-13
Calculate 1 + 22 + -14 + 121 + -40.
90
Evaluate 1 + -76 + (1046 - 1023).
-52
Calculate -12 - ((-27 - (10 - 19)) + 9 + -29).
26
What is -9 + (78 + (-4 - 2) + -6 - (5 - 1))?
53
What is the value of 1 + -34 - (-22 - -29 - 6 - 6)?
-28
Evaluate -14 + 7 - -49 - 43.
-1
What is the value of 49 - (-27 - (-121 - -35))?
-10
What is the value of 105 + 3 + -12 + (23 - 17 - 9)?
93
Evaluate -74 + 82 + (96 - 121).
-17
(4 - (-3 + -11 - (-1 + 2))) + (-146 - -151)
24
What is the value of 370 + -377 - (3 + 4)?
-14
Evaluate (18 - 11) + 4 - (-43 - -29 - -107).
-82
What is the value of (-1 - 7) + (6 - -11)?
9
Evaluate -4 + 37 + (-36 - -26 - (-2 + 3)) + 11.
33
-81 + 91 + -10 + 2 + -10
-8
What is (1 - 53) + (65 - (74 + -18))?
-43
Evaluate 60 + -9 + (13 - (4 + -8)).
68
Calculate 94 + (5 + 11 - -1 - (30 - 4)).
85
Evaluate -276 + -170 + 451 - (-2 + 48 + -1).
-40
Evaluate (-18 - 34) + 19 + 19 + 1.
-13
What is the value of (10 - (33 + 19)) + 30?
-12
Evaluate 3 + -11 - (379 - 381).
-6
-90 + -27 + (-20 - -106)
-31
(-10 - -15 - (-8 - (-5 - 2))) + 10
16
What is -7 + 19 + -21 + 1 - (-4 + -72 - -5)?
63
Calculate -70 + -45 + 21 + 16 + 15.
-63
Evaluate -1 + -3 - (6 + 5 + -1 - 10 - 45).
41
Evaluate 14 - ((73 + -8 - -13) + -15).
-49
What is the value of -13 + 93 + (-81 + 103 + 1 + 0 - 13)?
90
What is the value of (-30 - (-75 - -25)) + (4 - -17 - -1)?
42
What is 6 + (51 - (1 + 8 - (-3 + (1 - 0))))?
46
(-93 - (-365 - -239)) + (0 - -17)
50
Evaluate -343 - -246 - (-35 + 0) - -16.
-46
What is 17 + -1 + -41 + (34 - -24)?
33
Evaluate 86 + (47 - 101) + (32 - -2).
66
Calculate (5 - -60) + -4 + 0 + (17 - 10 - 7).
61
(-1 - 31) + (122 - (45 - 1))
46
What is (95 - -127 - 170) + (0 - 31)?
21
What is (-1 - 91) + (1 + -10 - (18 - (-8 + 28)))?
-99
Evaluate -8 - 48 - -119 - 78 - (-115 + -1).
101
Calculate (-88 - (16 + -59)) + 81.
36
Evaluate 136 + -62 + 47 - 222.
-101
What is 18 - -77 - (-15 + 61)?
49
Evaluate -40 - ((22 - 3) + 8 + -39 + 28 - 2).
-54
-31 - (-36 + -42) - -7
54
What is the value of (-13 - (10 + -30)) + 5 - ((2 - 7) + -1)?
18
Evaluate -7 + -8 + (-10 - -11 - 2) - -10.
-6
What is the value of (2 - 0 - 66) + -31 + 21 + 23?
-51
What is the value of (-121 - -198 - 33) + -125?
-81
-2 - (11 - (-46 - 1 - (-4 + (-1 - -10))))
-65
-55 + 61 - (10 - (48 + -7))
37
What is -29 - ((24 - (13 - 4)) + 12)?
-56
What is -15 - (-3 + -18) - (1 + 0 - -18)?
-13
-3 + (0 - 4) - (112 + -15 + (-6 - 5))
-93
-30 + (26 - 0 - (-986 - -1000))
-18
Evaluate -3 - (2 - (-2 - -10) - (-3 + 3 - -1)).
4
What is the valu